ite?
True
Is 708179 composite?
False
Is 553919 a composite number?
False
Is 6239 prime?
False
Is 96611 prime?
False
Is 752483 a composite number?
False
Is 6857 a prime number?
True
Is 1717 a composite number?
True
Is 4327 a composite number?
False
Is 889 prime?
False
Is 400823 a prime number?
True
Is 145941 a composite number?
True
Is 20906 composite?
True
Is 2473 prime?
True
Is 220919 composite?
False
Is 6689 a prime number?
True
Is 39803 composite?
True
Is 870613 a composite number?
False
Is 550499 prime?
False
Is 56417 a composite number?
False
Is 10237 a composite number?
True
Is 18617 prime?
True
Is 171515 a prime number?
False
Is 11083 prime?
True
Is 396743 a prime number?
False
Is 306433 composite?
True
Is 39659 a composite number?
False
Is 19813 a composite number?
False
Is 5623 prime?
True
Is 533573 a composite number?
False
Is 2777 prime?
True
Is 12821 composite?
False
Is 13117 a prime number?
False
Is 1591 prime?
False
Is 60251 composite?
False
Is 16183 a composite number?
False
Is 5939 a prime number?
True
Is 110545 composite?
True
Is 209 prime?
False
Is 10187 a prime number?
False
Is 25706 prime?
False
Is 516863 prime?
False
Is 2195 a prime number?
False
Is 4785665 a composite number?
True
Is 24257 composite?
True
Is 2182 composite?
True
Is 7949 prime?
True
Is 87821 composite?
True
Is 105295 prime?
False
Is 50171 prime?
False
Is 34123 a prime number?
True
Is 2231 a prime number?
False
Is 54911 a composite number?
True
Is 72131 prime?
False
Is 13749 prime?
False
Is 345413 composite?
False
Is 8563 prime?
True
Is 16999 a composite number?
True
Is 23867 a composite number?
True
Is 8069 composite?
False
Is 125869 prime?
False
Is 348571 a composite number?
False
Is 5737 prime?
True
Is 1239083 a composite number?
True
Is 361937 a prime number?
False
Is 7729 a composite number?
True
Is 29407 a composite number?
True
Is 24305 prime?
False
Is 75209 prime?
True
Is 97213 a prime number?
True
Is 1023461 a prime number?
True
Is 509647 prime?
True
Is 4201 prime?
True
Is 29699 prime?
False
Is 101629 composite?
True
Is 194 a composite number?
True
Is 145253 a prime number?
True
Is 433963 a prime number?
True
Is 15701 composite?
True
Is 2021 a composite number?
True
Is 30626 prime?
False
Is 11179 a composite number?
True
Is 38093 composite?
True
Is 6113 a composite number?
False
Is 84749 prime?
False
Is 30607 composite?
True
Is 3202 prime?
False
Is 843119 a prime number?
False
Is 545869 a prime number?
False
Is 1239037 a composite number?
True
Is 147377 prime?
True
Is 632777 prime?
True
Is 43049 prime?
True
Is 34409 composite?
True
Is 22469 composite?
False
Is 144827 prime?
False
Is 17693 a prime number?
False
Is 267079 a composite number?
True
Is 63913 a composite number?
False
Is 132199 a composite number?
False
Is 6587 prime?
False
Is 202427 a prime number?
False
Is 1527997 a composite number?
False
Is 481489 composite?
False
Is 20179 composite?
True
Is 7886 a prime number?
False
Is 111721 prime?
True
Is 31627 prime?
True
Is 23477 a prime number?
False
Is 3647 a prime number?
False
Is 13379 a prime number?
False
Is 55177 composite?
True
Is 1055801 prime?
True
Is 7669 prime?
True
Is 10589 prime?
True
Is 16759 composite?
False
Is 105349 a composite number?
True
Is 25735 a prime number?
False
Is 197677 prime?
True
Is 37451 composite?
True
Is 101443 a composite number?
True
Is 2118917 prime?
True
Is 76577 composite?
True
Is 1171873 prime?
False
Is 609821 a prime number?
True
Is 25439 composite?
False
Is 139801 a prime number?
True
Is 2498981 composite?
False
Is 22559 prime?
False
Is 5623 a composite number?
False
Is 317159 a prime number?
True
Is 4673 a composite number?
False
Is 12991 a composite number?
True
Is 40879 a composite number?
False
Is 614 prime?
False
Is 2705 a composite number?
True
Is 33359 prime?
True
Is 27611 composite?
False
Is 670863 a composite number?
True
Is 7647 a composite number?
True
Is 353 prime?
True
Is 52489 a prime number?
True
Is 4271 prime?
True
Is 122651 a composite number?
False
Is 1227185 composite?
True
Is 5063 composite?
True
Is 15278 a composite number?
True
Is 15353 a composite number?
True
Is 871 prime?
False
Is 1559 a prime number?
True
Is 1129099 a composite number?
True
Is 10294 prime?
False
Is 11794 a prime number?
False
Is 662107 prime?
True
Is 1007123 prime?
False
Is 123601 a composite number?
False
Is 1486 composite?
True
Is 21635 a composite number?
True
Is 143438 a composite number?
True
Is 216061 a composite number?
False
Is 494023 prime?
True
Is 2326133 prime?
True
Is 20779 a prime number?
False
Is 130303 a composite number?
False
Is 25661 composite?
True
Is 133571 a prime number?
True
Is 4943555 a composite number?
True
Is 140953 composite?
True
Is 1072301 a prime number?
True
Is 1455979 prime?
False
Is 24223 a composite number?
False
Is 55177 a prime number?
False
Is 1115305 a prime number?
False
Is 407783 prime?
True
Is 3453 composite?
True
Is 15391 a composite number?
False
Is 5446489 a composite number?
False
Is 125621 a prime number?
True
Is 17653 prime?
False
Is 8563 a prime number?
True
Is 1357967 a prime number?
False
Is 6013 a composite number?
True
Is 6033 a prime number?
False
Is 717139 a prime number?
True
Is 87337 a prime number?
True
Is 32905 prime?
False
Is 38549 a prime number?
False
Is 161087 prime?
True
Is 23423 prime?
False
Is 282709 composite?
True
Is 4829 prime?
False
Is 70726 a prime number?
False
Is 130757 prime?
False
Is 31399 composite?
True
Is 1313 prime?
False
Is 1515781 composite?
True
Is 296817 a composite number?
True
Is 277787 a composite number?
False
Is 184099 prime?
False
Is 30631 composite?
False
Is 7789 a prime number?
True
Is 15253 a composite number?
True
Is 18637 composite?
False
Is 1138 a prime number?
False
Is 184883 a prime number?
False
Is 1322887 a prime number?
True
Is 3271 a prime number?
True
Is 215713 composite?
True
Is 121054 a composite number?
True
Is 55579 prime?
True
Is 11863 composite?
False
Is 502 a prime number?
False
Is 795449 a composite number?
False
Is 14617 a prime number?
False
Is 175891 prime?
True
Is 1907 a prime number?
True
Is 55367 a prime number?
False
Is 6467 composite?
True
Is 108037 a composite number?
False
Is 282071 a prime number?
True
Is 27917 a prime number?
True
Is 15681 prime?
False
Is 57089 prime?
True
Is 4092133 composite?
False
Is 408287 prime?
False
Is 276817 prime?
True
Is 255763 prime?
True
Is 80953 prime?
True
Is 103691 composite?
True
Is 106451 a composite number?
False
Is 8147 a composite number?
False
Is 46381 a prime number?
True
Is 6529 composite?
False
Is 157007 a prime number?
True
Is 735235 prime?
False
Is 345379 a prime number?
True
Is 1519143 a composite number?
True
Is 255941 a prime number?
False
Is 83137 a prime number?
True
Is 38081 a prime number?
False
Is 4015513 composite?
False
Is 121 composite?
True
Is 13087 a composite number?
True
Is 2939 a composite number?
False
Is 361421 prime?
True
Is 69539 composite?
False
Is 38381 a composite number?
True
Is 1709 prime?
True
Is 560969 prime?
True
Is 521239 prime?
False
Is 16621 a composite number?
True
Is 2093254 prime?
False
Is 104537 prime?
True
Is 312321 a composite number?
True
Is 39857 composite?
False
Is 26981 composite?
False
Is 15679 prime?
True
Is 287779 a composite number?
True
Is 479771 composite?
False
Is 649 a prime number?
False
Is 1654 a composite number?
True
Is 3503959 composite?
False
Is 122279 a composite number?
False
Is 589 composite?
True
Is 110527 a prime number?
True
Is 100882 a prime number?
False
Is 16597 a composite number?
True
Is 57091 prime?
False
Is 30161 a composite number?
False
Is 38501 a composite number?
False
Is 81071 a composite number?
False
Is 126143 prime?
True
Is 5627 a prime number?
False
Is 99987 composite?
True
Is 112237 composite?
False
Is 215203 composite?
True
Is 40577 composite?
False
Is 3511667 prime?
True
Is 5669 a prime number?
True
Is 67333 a prime number?
False
Is 162121 a prime number?
False
Is 1193 a prime number?
True
Is 34835 prime?
False
Is 1151 a composite number?
False
Is 85319 a prime number?
False
Is 19667 a prime number?
False
Is 27329 a composite number?
False
Is 2081 a prime number?
True
Is 27767 prime?
True
Is 286186 composite?
True
Is 265703 prime?
True
Is 395023 a prime number?
True